




{"id":27581,"date":"2018-09-19T10:12:23","date_gmt":"2018-09-19T09:12:23","guid":{"rendered":"https:\/\/sport-timing.pl\/pomiar-czasu\/?page_id=27581"},"modified":"2018-11-11T06:43:17","modified_gmt":"2018-11-11T05:43:17","slug":"v-zakopianski-bieg-niepodleglosci-lista-zgloszonych","status":"publish","type":"page","link":"https:\/\/sport-timing.pl\/pomiar-czasu\/zapisy-online\/v-zakopianski-bieg-niepodleglosci\/v-zakopianski-bieg-niepodleglosci-lista-zgloszonych\/","title":{"rendered":"V Zakopia\u0144ski Bieg Niepodleg\u0142o\u015bci &#8211; Lista zg\u0142oszonych"},"content":{"rendered":"<div class=\"wpb-content-wrapper\"><p><div class=\"vc_row wpb_row vc_row-fluid vc_custom_1541864317499 vc_row-has-fill vc_row-o-content-middle vc_row-flex\"><div class=\"wpb_column vc_column_container vc_col-sm-6\"><div class=\"vc_column-inner\"><div class=\"wpb_wrapper\">\n\t<div  class=\"wpb_single_image wpb_content_element vc_align_left wpb_content_element\">\n\t\t\n\t\t<figure class=\"wpb_wrapper vc_figure\">\n\t\t\t<a href=\"https:\/\/sport-timing.pl\/pomiar-czasu\/wydarzenie\/v-zakopianski-bieg-niepodleglosci\/\" target=\"_self\" class=\"vc_single_image-wrapper   vc_box_border_grey\"><img width=\"2000\" height=\"315\" src=\"https:\/\/sport-timing.pl\/pomiar-czasu\/content\/uploads\/2015\/11\/wyniki-live-01.png\" class=\"vc_single_image-img attachment-full\" alt=\"\" title=\"Wyniki Live-01\" srcset=\"https:\/\/sport-timing.pl\/pomiar-czasu\/content\/uploads\/2015\/11\/wyniki-live-01.png 2000w, https:\/\/sport-timing.pl\/pomiar-czasu\/content\/uploads\/2015\/11\/wyniki-live-01-300x47.png 300w, https:\/\/sport-timing.pl\/pomiar-czasu\/content\/uploads\/2015\/11\/wyniki-live-01-1024x161.png 1024w\" sizes=\"(max-width: 2000px) 100vw, 2000px\" \/><\/a>\n\t\t<\/figure>\n\t<\/div>\n<\/div><\/div><\/div><div class=\"wpb_column vc_column_container vc_col-sm-3\"><div class=\"vc_column-inner\"><div class=\"wpb_wrapper\"><div class=\"vc_btn3-container vc_btn3-center vc_do_btn\" ><a class=\"vc_general vc_btn3 vc_btn3-size-md vc_btn3-shape-square vc_btn3-style-flat vc_btn3-block vc_btn3-icon-left vc_btn3-color-primary\" href=\"https:\/\/sport-timing.pl\/pomiar-czasu\/zapisy-online\/v-zakopianski-bieg-niepodleglosci\/v-zakopianski-bieg-niepodleglosci-lista-zgloszonych\/\" title=\"\"><i class=\"vc_btn3-icon fa fa-users\"><\/i> Lista uczestnik\u00f3w<\/a><\/div><\/div><\/div><\/div><div class=\"wpb_column vc_column_container vc_col-sm-3\"><div class=\"vc_column-inner\"><div class=\"wpb_wrapper\"><div class=\"vc_btn3-container vc_btn3-center vc_do_btn\" ><a class=\"vc_general vc_btn3 vc_btn3-size-md vc_btn3-shape-square vc_btn3-style-flat vc_btn3-block vc_btn3-icon-left vc_btn3-color-info\" href=\"https:\/\/sport-timing.pl\/pomiar-czasu\/v-zakopianski-bieg-niepodleglosci\/\" title=\"\"><i class=\"vc_btn3-icon fa fa-trophy\"><\/i> Wyniki<\/a><\/div><\/div><\/div><\/div><\/div><div class=\"vc_row wpb_row vc_row-fluid\"><div class=\"wpb_column vc_column_container vc_col-sm-12\"><div class=\"vc_column-inner\"><div class=\"wpb_wrapper\"><div class=\"vc_empty_space\"   style=\"height: 32px\"><span class=\"vc_empty_space_inner\"><\/span><\/div><\/div><\/div><\/div><\/div><div class=\"vc_row wpb_row vc_row-fluid\"><div class=\"wpb_column vc_column_container vc_col-sm-12\"><div class=\"vc_column-inner\"><div class=\"wpb_wrapper\">\n\t<div class=\"wpb_raw_code wpb_raw_html wpb_content_element\" >\n\t\t<div class=\"wpb_wrapper\">\n\t\t\t<div id=\"divRRPublish\" class=\"RRPublish\"><\/div>\n<script type=\"text\/javascript\" src=\"https:\/\/my.raceresult.com\/RRPublish\/load.js.php?lang=en\"><\/script>\n<script type=\"text\/javascript\">\n<!--\n\tvar rrp=new RRPublish(document.getElementById(\"divRRPublish\"), 111693, \"participants\");\n\trrp.ShowTimerLogo=true;\n\trrp.ShowInfoText=false;\n-->\n<\/script>\n<style>\n  a[href=\"https:\/\/www.raceresult.com\"] {\n    display: none !important;\n}\n<\/style>\n\t\t<\/div>\n\t<\/div>\n<\/div><\/div><\/div><\/div><\/p>\n<\/div>","protected":false},"excerpt":{"rendered":"Lista uczestnik\u00f3w Wyniki","protected":false},"author":2112,"featured_media":0,"parent":27580,"menu_order":0,"comment_status":"closed","ping_status":"closed","template":"page-participants-list.php","meta":{"_acf_changed":false,"_monsterinsights_skip_tracking":false,"_monsterinsights_sitenote_active":false,"_monsterinsights_sitenote_note":"","_monsterinsights_sitenote_category":0,"footnotes":""},"categories":[],"tags":[],"class_list":["post-27581","page","type-page","status-publish","hentry"],"acf":[],"aioseo_notices":[],"_links":{"self":[{"href":"https:\/\/sport-timing.pl\/pomiar-czasu\/wp-json\/wp\/v2\/pages\/27581","targetHints":{"allow":["GET"]}}],"collection":[{"href":"https:\/\/sport-timing.pl\/pomiar-czasu\/wp-json\/wp\/v2\/pages"}],"about":[{"href":"https:\/\/sport-timing.pl\/pomiar-czasu\/wp-json\/wp\/v2\/types\/page"}],"author":[{"embeddable":true,"href":"https:\/\/sport-timing.pl\/pomiar-czasu\/wp-json\/wp\/v2\/users\/2112"}],"replies":[{"embeddable":true,"href":"https:\/\/sport-timing.pl\/pomiar-czasu\/wp-json\/wp\/v2\/comments?post=27581"}],"version-history":[{"count":7,"href":"https:\/\/sport-timing.pl\/pomiar-czasu\/wp-json\/wp\/v2\/pages\/27581\/revisions"}],"predecessor-version":[{"id":27912,"href":"https:\/\/sport-timing.pl\/pomiar-czasu\/wp-json\/wp\/v2\/pages\/27581\/revisions\/27912"}],"up":[{"embeddable":true,"href":"https:\/\/sport-timing.pl\/pomiar-czasu\/wp-json\/wp\/v2\/pages\/27580"}],"wp:attachment":[{"href":"https:\/\/sport-timing.pl\/pomiar-czasu\/wp-json\/wp\/v2\/media?parent=27581"}],"wp:term":[{"taxonomy":"category","embeddable":true,"href":"https:\/\/sport-timing.pl\/pomiar-czasu\/wp-json\/wp\/v2\/categories?post=27581"},{"taxonomy":"post_tag","embeddable":true,"href":"https:\/\/sport-timing.pl\/pomiar-czasu\/wp-json\/wp\/v2\/tags?post=27581"}],"curies":[{"name":"wp","href":"https:\/\/api.w.org\/{rel}","templated":true}]}}