




{"id":17705,"date":"2017-02-23T14:20:30","date_gmt":"2017-02-23T13:20:30","guid":{"rendered":"https:\/\/sport-timing.pl\/pomiar-czasu\/?page_id=17705"},"modified":"2017-03-06T06:57:02","modified_gmt":"2017-03-06T05:57:02","slug":"iii-flexistav-bieg-grania-tatr-2017-lista-wylosowanych-uczestnikow","status":"publish","type":"page","link":"https:\/\/sport-timing.pl\/pomiar-czasu\/zapisy-online\/iii-flexistav-biegu-grania-tatr-2017\/iii-flexistav-bieg-grania-tatr-2017-lista-wylosowanych-uczestnikow\/","title":{"rendered":"III Flexistav Bieg Grani\u0105 Tatr 2017 &#8211; Lista wylosowanych uczestnik\u00f3w"},"content":{"rendered":"<div class=\"wpb-content-wrapper\"><p><div class=\"vc_row wpb_row vc_row-fluid\"><div class=\"wpb_column vc_column_container vc_col-sm-4\"><div class=\"vc_column-inner\"><div class=\"wpb_wrapper\">\n\t<div class=\"wpb_text_column wpb_content_element\" >\n\t\t<div class=\"wpb_wrapper\">\n\t\t\t<h3>III Flexistav Bieg \u201eGrani\u0105 Tatr\u201d 2017<\/h3>\n<h5>Lista wylosowanych uczestnik\u00f3w<\/h5>\n\n\t\t<\/div>\n\t<\/div>\n<\/div><\/div><\/div><div class=\"wpb_column vc_column_container vc_col-sm-8\"><div class=\"vc_column-inner\"><div class=\"wpb_wrapper\"><div class=\"vc_row wpb_row vc_inner vc_row-fluid\"><div class=\"wpb_column vc_column_container vc_col-sm-4\"><div class=\"vc_column-inner\"><div class=\"wpb_wrapper\"><div class=\"vc_btn3-container vc_btn3-center vc_do_btn\" ><a class=\"vc_general vc_btn3 vc_btn3-size-lg vc_btn3-shape-rounded vc_btn3-style-3d vc_btn3-block vc_btn3-icon-left vc_btn3-color-warning\" href=\"https:\/\/sport-timing.pl\/pomiar-czasu\/zapisy-online\/iii-flexistav-biegu-grania-tatr-2017\/iii-flexistav-bieg-grania-tatr-2017-lista-rezerwowa\/\" title=\"\"><i class=\"vc_btn3-icon fa fa-users\"><\/i> Lista rezerwowa<\/a><\/div><\/div><\/div><\/div><div class=\"wpb_column vc_column_container vc_col-sm-4\"><div class=\"vc_column-inner\"><div class=\"wpb_wrapper\"><div class=\"vc_btn3-container vc_btn3-center vc_do_btn\" ><a class=\"vc_general vc_btn3 vc_btn3-size-lg vc_btn3-shape-rounded vc_btn3-style-3d vc_btn3-block vc_btn3-icon-left vc_btn3-color-peacoc\" href=\"https:\/\/sport-timing.pl\/pomiar-czasu\/zapisy-online\/iii-flexistav-biegu-grania-tatr-2017\/iii-flexistav-biegu-grania-tatr-2017\/\" title=\"\" target=\"_blank\"><i class=\"vc_btn3-icon fa fa-users\"><\/i> Wszystkie zg\u0142oszenia<\/a><\/div><\/div><\/div><\/div><div class=\"wpb_column vc_column_container vc_col-sm-4\"><div class=\"vc_column-inner\"><div class=\"wpb_wrapper\"><div class=\"vc_btn3-container vc_btn3-center vc_do_btn\" ><a class=\"vc_general vc_btn3 vc_btn3-size-lg vc_btn3-shape-rounded vc_btn3-style-3d vc_btn3-block vc_btn3-icon-left vc_btn3-color-green\" href=\"https:\/\/sport-timing.pl\/pomiar-czasu\/wydarzenie\/iii-flexistav-biegu-grania-tatr-2017\/\" title=\"\"><i class=\"vc_btn3-icon fa fa-arrow-circle-left\"><\/i> Strona wydarzenia<\/a><\/div><\/div><\/div><\/div><\/div><\/div><\/div><\/div><\/div><div class=\"vc_row wpb_row vc_row-fluid\"><div class=\"wpb_column vc_column_container vc_col-sm-12\"><div class=\"vc_column-inner\"><div class=\"wpb_wrapper\">\n\t<div class=\"wpb_text_column wpb_content_element\" >\n\t\t<div class=\"wpb_wrapper\">\n\t\t\t<div id=\"gv-datatables-17702\" class=\"gv-datatables-container gv-container gv-container-17702 gv-container-no-results\">\n<table data-viewid=\"17702\" class=\"gv-datatables display dataTable\">\n\t<thead>\n\t\t\t\t<tr>\n\t\t\t<th id=\"gv-field-36-44\" class=\"gv-field-36-44 \" scope=\"col\"><span class=\"gv-field-label\">BIB<\/span><\/th><th id=\"gv-field-36-id\" class=\"gv-field-36-id entry-id\" scope=\"col\"><span class=\"gv-field-label\">ID<\/span><\/th><th id=\"gv-field-36-1\" class=\"gv-field-36-1 \" scope=\"col\"><span class=\"gv-field-label\">Imi\u0119<\/span><\/th><th id=\"gv-field-36-2\" class=\"gv-field-36-2 \" scope=\"col\"><span class=\"gv-field-label\">Nazwisko<\/span><\/th><th id=\"gv-field-36-5\" class=\"gv-field-36-5 \" scope=\"col\"><span class=\"gv-field-label\">Data urodzenia (rok)<\/span><\/th><th id=\"gv-field-36-6\" class=\"gv-field-36-6 \" scope=\"col\"><span class=\"gv-field-label\">P\u0142e\u0107<\/span><\/th><th id=\"gv-field-36-7\" class=\"gv-field-36-7 \" scope=\"col\"><span class=\"gv-field-label\">Miasto<\/span><\/th><th id=\"gv-field-36-50\" class=\"gv-field-36-50 \" scope=\"col\"><span class=\"gv-field-label\">Indywidualne<\/span><\/th><th id=\"gv-field-36-62\" class=\"gv-field-36-62 \" scope=\"col\"><span class=\"gv-field-label\">Team<\/span><\/th><th id=\"gv-field-36-40\" class=\"gv-field-36-40 platnosc\" scope=\"col\"><span class=\"gv-field-label\">P\u0142atnos\u0107<\/span><\/th>\t\t<\/tr>\n\t<\/thead>\n\t<tfoot>\n\t\t<tr>\n\t\t\t<th id=\"gv-field-36-44\" class=\"gv-field-36-44 \" scope=\"col\"><span class=\"gv-field-label\">BIB<\/span><\/th><th id=\"gv-field-36-id\" class=\"gv-field-36-id entry-id\" scope=\"col\"><span class=\"gv-field-label\">ID<\/span><\/th><th id=\"gv-field-36-1\" class=\"gv-field-36-1 \" scope=\"col\"><span class=\"gv-field-label\">Imi\u0119<\/span><\/th><th id=\"gv-field-36-2\" class=\"gv-field-36-2 \" scope=\"col\"><span class=\"gv-field-label\">Nazwisko<\/span><\/th><th id=\"gv-field-36-5\" class=\"gv-field-36-5 \" scope=\"col\"><span class=\"gv-field-label\">Data urodzenia (rok)<\/span><\/th><th id=\"gv-field-36-6\" class=\"gv-field-36-6 \" scope=\"col\"><span class=\"gv-field-label\">P\u0142e\u0107<\/span><\/th><th id=\"gv-field-36-7\" class=\"gv-field-36-7 \" scope=\"col\"><span class=\"gv-field-label\">Miasto<\/span><\/th><th id=\"gv-field-36-50\" class=\"gv-field-36-50 \" scope=\"col\"><span class=\"gv-field-label\">Indywidualne<\/span><\/th><th id=\"gv-field-36-62\" class=\"gv-field-36-62 \" scope=\"col\"><span class=\"gv-field-label\">Team<\/span><\/th><th id=\"gv-field-36-40\" class=\"gv-field-36-40 platnosc\" scope=\"col\"><span class=\"gv-field-label\">P\u0142atnos\u0107<\/span><\/th>\t\t<\/tr>\n\t\t\t<\/tfoot>\n<\/table>\n<\/div><!-- end .gv-datatables-container -->\n\t\t<style>\n\t\t\t.fancybox-container {\n\t\t\t\tz-index: 100000; \/** Divi is 99999 *\/\n\t\t\t}\n\n\t\t\t.admin-bar .fancybox-container {\n\t\t\t\tmargin-top: 32px;\n\t\t\t}\n\t\t<\/style>\n\t\t<script>\n\t\t\tif ( window.Fancybox ){\n\t\t\t\tFancybox.bind(\".gravityview-fancybox\", {\"animationEffect\":\"fade\",\"toolbar\":true,\"closeExisting\":true,\"arrows\":true,\"buttons\":[\"thumbs\",\"close\"],\"i18n\":{\"en\":{\"CLOSE\":\"Close\",\"NEXT\":\"Next\",\"PREV\":\"Previous\",\"ERROR\":\"The requested content cannot be loaded. Please try again later.\",\"PLAY_START\":\"Start slideshow\",\"PLAY_STOP\":\"Pause slideshow\",\"FULL_SCREEN\":\"Full screen\",\"THUMBS\":\"Thumbnails\",\"DOWNLOAD\":\"Download\",\"SHARE\":\"Share\",\"ZOOM\":\"Zoom\"}}});\n\t\t\t}\n\t\t<\/script>\n\t\t        <script type=\"text\/javascript\">\r\n\t\t\tif ( !window.gvDTglobals ) {\r\n\t\t\t\twindow.gvDTglobals = [];\r\n\t\t\t}\r\n\r\n\t\t\twindow.gvDTglobals.push({\"processing\":true,\"deferRender\":true,\"serverSide\":true,\"retrieve\":true,\"stateSave\":true,\"stateDuration\":-1,\"lengthMenu\":[[10,25,50,999,-1],[10,25,50,\"999\",\"Wszystkie\"]],\"language\":{\"sProcessing\":\"Przetwarzanie...\",\"sLengthMenu\":\"Poka\\u017c _MENU_ pozycji\",\"sZeroRecords\":\"Nie znaleziono pasuj\\u0105cych pozycji\",\"sInfoThousands\":\" \",\"sInfo\":\"Pozycje od _START_ do _END_ z _TOTAL_ \\u0142\\u0105cznie\",\"sInfoEmpty\":\"Pozycji 0 z 0 dost\\u0119pnych\",\"sInfoFiltered\":\"(filtrowanie spo\\u015br\\u00f3d _MAX_ dost\\u0119pnych pozycji)\",\"sInfoPostFix\":\"\",\"sSearch\":\"Szukaj:\",\"sUrl\":\"\",\"oPaginate\":{\"sFirst\":\"Pierwsza\",\"sPrevious\":\"Poprzednia\",\"sNext\":\"Nast\\u0119pna\",\"sLast\":\"Ostatnia\"},\"sEmptyTable\":\"Brak danych\",\"sLoadingRecords\":\"Wczytywanie...\",\"oAria\":{\"sSortAscending\":\": aktywuj, by posortowa\\u0107 kolumn\\u0119 rosn\\u0105co\",\"sSortDescending\":\": aktywuj, by posortowa\\u0107 kolumn\\u0119 malej\\u0105co\"}},\"ajax\":{\"url\":\"https:\\\/\\\/sport-timing.pl\\\/pomiar-czasu\\\/wp-admin\\\/admin-ajax.php\",\"type\":\"POST\",\"data\":{\"action\":\"gv_datatables_data\",\"view_id\":17702,\"post_id\":17705,\"nonce\":\"41604be6bf\",\"getData\":\"[]\",\"hideUntilSearched\":\"0\",\"setUrlOnSearch\":true,\"shortcode_atts\":{\"id\":17702,\"class\":\"\",\"detail\":null}}},\"pageLength\":999,\"columns\":[{\"name\":\"gv_44\",\"width\":null},{\"name\":\"gv_id\",\"width\":null},{\"name\":\"gv_1\",\"width\":null},{\"name\":\"gv_2\",\"width\":null},{\"name\":\"gv_5\",\"width\":null},{\"name\":\"gv_6\",\"width\":null},{\"name\":\"gv_7\",\"width\":null},{\"name\":\"gv_50\",\"width\":null},{\"name\":\"gv_62\",\"width\":null},{\"name\":\"gv_40\",\"width\":null}],\"order\":[[0,\"asc\"]],\"searching\":true,\"scroller\":{\"displayBuffer\":20,\"boundaryScale\":0.3},\"scrollY\":\"500px\"});\r\n        <\/script>\r\n\t\t\t\t\t<script type=\"text\/javascript\">\n\t\t\t\tif (!window.gvDTFixedHeaderColumns) {\n\t\t\t\t\twindow.gvDTFixedHeaderColumns = [];\n\t\t\t\t}\n\n\t\t\t\twindow.gvDTFixedHeaderColumns.push({\"fixedheader\":0,\"fixedcolumns\":0});\n\t\t\t<\/script>\n\t\t\t\t\t<script type=\"text\/javascript\">\n\t\t\t\tif (!window.gvDTResponsive) {\n\t\t\t\t\twindow.gvDTResponsive = [];\n\t\t\t\t}\n\n\t\t\t\twindow.gvDTResponsive.push({\"responsive\":0});\n\t\t\t<\/script>\n\t\t<input type=\"hidden\" class=\"gravityview-view-id\" value=\"17702\">\n\n\t\t<\/div>\n\t<\/div>\n<\/div><\/div><\/div><\/div><div class=\"vc_row wpb_row vc_row-fluid\"><div class=\"wpb_column vc_column_container vc_col-sm-6\"><div class=\"vc_column-inner\"><div class=\"wpb_wrapper\">\n\t<div class=\"wpb_text_column wpb_content_element\" >\n\t\t<div class=\"wpb_wrapper\">\n\t\t\t<h2>Formularz zg\u0142oszenia zmian<\/h2>\n\n\t\t<\/div>\n\t<\/div>\n<p><h4>W celu zg\u0142oszenia zmian lub gdy chc\u0105 Pa\u0144stwo zrezygnowa\u0107 z uczestnictwa w wydarzeniu, prosimy przej\u015b\u0107 do naszego <a href=\"https:\/\/sport-timing.pl\/support\/\">Centrum Obs\u0142ugi Klienta.<\/a><\/h4>\r\n<br>\r\n<hr><\/p><\/div><\/div><\/div><div class=\"wpb_column vc_column_container vc_col-sm-6\"><div class=\"vc_column-inner\"><div class=\"wpb_wrapper\">\n\t<div class=\"wpb_text_column wpb_content_element\" >\n\t\t<div class=\"wpb_wrapper\">\n\t\t\t<p>Numer konta bankowego, tytu\u0142 p\u0142atno\u015bci oraz wszelkie instrukcje zwi\u0105zane z op\u0142at\u0105 startow\u0105 zosta\u0142y wys\u0142ane drog\u0105 e-mailow\u0105 do os\u00f3b zakwalifikowanych do udzia\u0142u w imprezie na adres e-mail podany podczas rejestracji do\u00a0<strong>III Flexistav Bieg Grani\u0105 Tatr 2017<\/strong>.<\/p>\n<p>W przypadku gdy nie otrzymali Pa\u0144stwo wiadomo\u015bci wys\u0142anej przez nasz system, prosimy o sprawdzenie folderu SPAM. Je\u015bli mimo tego wiadomo\u015b\u0107 nie zosta\u0142a dostarczona prosimy o kontakt z naszym biurem obs\u0142ugi pod adresem <strong>zapisy@sport-timing.pl,\u00a0<\/strong>w tre\u015bci wiadomo\u015bci podaj\u0105c numer zg\u0142oszenia, imi\u0119 i nazwisko oraz adres e-mail podany podczas rejestracji lub o kontakt z organizatorem imprezy, dane kontaktowe\u00a0znajduj\u0105 si\u0119 w regulaminie imprezy.<\/p>\n\n\t\t<\/div>\n\t<\/div>\n<\/div><\/div><\/div><\/div><div class=\"vc_row wpb_row vc_row-fluid\"><div class=\"wpb_column vc_column_container vc_col-sm-12\"><div class=\"vc_column-inner\"><div class=\"wpb_wrapper\">\n\t<div class=\"wpb_raw_code wpb_raw_js\" >\n\t\t<div class=\"wpb_wrapper\">\n\t\t\t<style>\nbody{    overflow-x: auto !important;}\n<\/style>\n<script type=\"text\/javascript\"> \n\n   \n$('#gv-datatables-17702').on( 'draw.dt', function () {\n    \n$(\"td:contains('Approved')\").each(function() {\n    var replaced = $(this).html().replace(\"Approved\", \"<div class='payment-ok'><i class='fa fa-check-circle'><\/i> Tak<\/div>\");\n    $(this).html(replaced);\n  });\n\n $(\"td:contains('Pending')\").each(function() {\n    var replaced = $(this).html().replace(\"Pending\", \"<div class='payment-pending'><i class='fa fa-times'><\/i> Oczekuje<\/div>\");\n    $(this).html(replaced);\n  });\n$('body').css('overflow-x', 'auto');\n\n\n\n} );\n\n\n<\/script>\n\t\t<\/div>\n\t<\/div>\n<\/div><\/div><\/div><\/div><\/p>\n<\/div>","protected":false},"excerpt":{"rendered":"III Flexistav Bieg \u201eGrani\u0105 Tatr\u201d 2017 Lista wylosowanych uczestnik\u00f3w Lista rezerwowa Wszystkie zg\u0142oszenia Strona wydarzenia BIBIDImi\u0119NazwiskoData urodzenia (rok)P\u0142e\u0107MiastoIndywidualneTeamP\u0142atnos\u0107 BIBIDImi\u0119NazwiskoData urodzenia (rok)P\u0142e\u0107MiastoIndywidualneTeamP\u0142atnos\u0107 Formularz zg\u0142oszenia zmian Informacje podane w formularzu s\u0105 niepoprawne. Prosimy o poprawienie pod\u015bwietlonych p\u00f3l. Zatwierd\u017a Numer konta bankowego, tytu\u0142 p\u0142atno\u015bci oraz wszelkie instrukcje zwi\u0105zane z op\u0142at\u0105 startow\u0105 zosta\u0142y wys\u0142ane drog\u0105 e-mailow\u0105 do os\u00f3b zakwalifikowanych do udzia\u0142u w imprezie na adres e-mail podany podczas rejestracji do\u00a0III Flexistav Bieg Grani\u0105 Tatr 2017. W przypadku gdy nie otrzymali Pa\u0144stwo wiadomo\u015bci wys\u0142anej przez nasz system, prosimy o sprawdzenie folderu SPAM. Je\u015bli mimo tego wiadomo\u015b\u0107 nie zosta\u0142a dostarczona prosimy o kontakt z naszym biurem obs\u0142ugi pod adresem zapisy@sport-timing.pl,\u00a0w tre\u015bci wiadomo\u015bci podaj\u0105c numer zg\u0142oszenia, imi\u0119 i nazwisko oraz adres e-mail podany podczas rejestracji lub o kontakt z organizatorem imprezy, dane kontaktowe\u00a0znajduj\u0105 si\u0119 w regulaminie imprezy.","protected":false},"author":2112,"featured_media":0,"parent":15399,"menu_order":0,"comment_status":"closed","ping_status":"closed","template":"page-participants-list.php","meta":{"_acf_changed":false,"_monsterinsights_skip_tracking":false,"_monsterinsights_sitenote_active":false,"_monsterinsights_sitenote_note":"","_monsterinsights_sitenote_category":0,"footnotes":""},"categories":[],"tags":[],"class_list":["post-17705","page","type-page","status-publish","hentry"],"acf":[],"aioseo_notices":[],"_links":{"self":[{"href":"https:\/\/sport-timing.pl\/pomiar-czasu\/wp-json\/wp\/v2\/pages\/17705","targetHints":{"allow":["GET"]}}],"collection":[{"href":"https:\/\/sport-timing.pl\/pomiar-czasu\/wp-json\/wp\/v2\/pages"}],"about":[{"href":"https:\/\/sport-timing.pl\/pomiar-czasu\/wp-json\/wp\/v2\/types\/page"}],"author":[{"embeddable":true,"href":"https:\/\/sport-timing.pl\/pomiar-czasu\/wp-json\/wp\/v2\/users\/2112"}],"replies":[{"embeddable":true,"href":"https:\/\/sport-timing.pl\/pomiar-czasu\/wp-json\/wp\/v2\/comments?post=17705"}],"version-history":[{"count":20,"href":"https:\/\/sport-timing.pl\/pomiar-czasu\/wp-json\/wp\/v2\/pages\/17705\/revisions"}],"predecessor-version":[{"id":17716,"href":"https:\/\/sport-timing.pl\/pomiar-czasu\/wp-json\/wp\/v2\/pages\/17705\/revisions\/17716"}],"up":[{"embeddable":true,"href":"https:\/\/sport-timing.pl\/pomiar-czasu\/wp-json\/wp\/v2\/pages\/15399"}],"wp:attachment":[{"href":"https:\/\/sport-timing.pl\/pomiar-czasu\/wp-json\/wp\/v2\/media?parent=17705"}],"wp:term":[{"taxonomy":"category","embeddable":true,"href":"https:\/\/sport-timing.pl\/pomiar-czasu\/wp-json\/wp\/v2\/categories?post=17705"},{"taxonomy":"post_tag","embeddable":true,"href":"https:\/\/sport-timing.pl\/pomiar-czasu\/wp-json\/wp\/v2\/tags?post=17705"}],"curies":[{"name":"wp","href":"https:\/\/api.w.org\/{rel}","templated":true}]}}