




{"id":35509,"date":"2022-09-15T23:43:41","date_gmt":"2022-09-15T21:43:41","guid":{"rendered":"https:\/\/sport-timing.pl\/pomiar-czasu\/?post_type=am_event&#038;p=35509"},"modified":"2022-09-19T14:57:03","modified_gmt":"2022-09-19T12:57:03","slug":"xxvi-jazz-camping-kalatowki","status":"publish","type":"am_event","link":"https:\/\/sport-timing.pl\/pomiar-czasu\/wydarzenie\/xxvi-jazz-camping-kalatowki\/","title":{"rendered":"XXVI Jazz Camping Kalat\u00f3wki"},"content":{"rendered":"<div class=\"wpb-content-wrapper\"><p><div class=\"vc_row wpb_row vc_row-fluid event-header\"><div class=\"wpb_column vc_column_container vc_col-sm-12\"><div class=\"vc_column-inner\"><div class=\"wpb_wrapper\">\n\t<div class=\"wpb_text_column wpb_content_element\" >\n\t\t<div class=\"wpb_wrapper\">\n\t\t\t<h3>XXVI Jazz Camping Kalat\u00f3wki<\/h3>\n<p>Tw\u00f3rcze\u00a0 Spotkania Muzyk\u00f3w Jazzowych- Jazz Camping Kalat\u00f3wki to sta\u0142y punkt w kalendarzu kulturalnym Zakopanego.<\/p>\n<p>W tym roku Jazz Camping uhonoruje i upami\u0119tni\u00a0 wieloletniego Dyrektora Muzycznego, Zbigniewa Namys\u0142owskiego, kt\u00f3ry zmar\u0142 7 lutego 2022.<\/p>\n<p><strong>Program:<\/strong><\/p>\n<p><b>26.09 Poniedzia\u0142ek <\/b>&#8211; Inauguracyjna jam session \u2013 godz. 20:00<\/p>\n<p class=\"xmsonormal\"><b>27.09 Wtorek <\/b>&#8211; Jazz i G\u00f3rale &#8211; godz. 20:00<\/p>\n<p class=\"xmsonormal\"><b>28.09 \u015aroda <\/b>&#8211; Wiecz\u00f3r po\u015bwi\u0119cony pami\u00e9ci Zbigniewa Namys\u0142owskiego &#8211; godz. 20:00<\/p>\n<p class=\"xmsonormal\"><b>29.09 Czwartek <\/b>&#8211; Jam session &#8211; wiecz\u00f3r z tw\u00f3rczo\u015bci\u0105 Agnieszki Osieckiej- godz. 20:00<\/p>\n<p class=\"xmsonormal\"><b>30.09 Pi\u0105tek <\/b>&#8211; Jam session &#8211; godz. 20:00<\/p>\n<p class=\"xmsonormal\"><b>1.10 Sobota <\/b>&#8211; Koncert fina\u0142owy &#8211; godz. 20:00<\/p>\n<p><strong>CENA\/INFORMACJE<\/strong><\/p>\n<p><strong>Wej\u015bci\u00f3wka poniedzia\u0142ek\/wtorek\/\u015broda\/czwartek\/pi\u0105tek \u2013 35 z\u0142\/os.<\/strong><\/p>\n<p><strong>Bilet wst\u0119pu na koncert fina\u0142owy &#8211; sobota, 1.10 godz.20:00 &#8211; 120 z\u0142\/os.<\/strong><\/p>\n<p><strong>Link do strony wydarzenia: <\/strong><strong><a href=\"https:\/\/kalatowki.pl\/imprezy.html\">https:\/\/kalatowki.pl\/imprezy.html<\/a><\/strong><\/p>\n<p><strong>Link Facebook: <\/strong><strong><a href=\"https:\/\/www.facebook.com\/kalatowki\">https:\/\/www.facebook.com\/kalatowki<\/a><\/strong><\/p>\n<p><strong>Link Instagram: <\/strong><strong><a href=\"https:\/\/www.instagram.com\/kalatowki\/\">@kalatowki<\/a><\/strong><\/p>\n\n\t\t<\/div>\n\t<\/div>\n<\/div><\/div><\/div><\/div><\/p>\n<\/div>","protected":false},"excerpt":{"rendered":"XXVI Jazz Camping Kalat\u00f3wki Tw\u00f3rcze\u00a0 Spotkania Muzyk\u00f3w Jazzowych- Jazz Camping Kalat\u00f3wki to sta\u0142y punkt w kalendarzu kulturalnym Zakopanego. W tym roku Jazz Camping uhonoruje i upami\u0119tni\u00a0 wieloletniego Dyrektora Muzycznego, Zbigniewa Namys\u0142owskiego, kt\u00f3ry zmar\u0142 7 lutego 2022. Program: 26.09 Poniedzia\u0142ek - Inauguracyjna jam session \u2013 godz. 20:00 27.09 Wtorek - Jazz i G\u00f3rale - godz. 20:00 28.09 \u015aroda - Wiecz\u00f3r po\u015bwi\u0119cony pami\u00e9ci Zbigniewa Namys\u0142owskiego - godz. 20:00 29.09 Czwartek - Jam session - wiecz\u00f3r z tw\u00f3rczo\u015bci\u0105 Agnieszki Osieckiej- godz. 20:00 30.09 Pi\u0105tek - Jam session - godz. 20:00 1.10 Sobota - Koncert fina\u0142owy - godz. 20:00 CENA\/INFORMACJE Wej\u015bci\u00f3wka poniedzia\u0142ek\/wtorek\/\u015broda\/czwartek\/pi\u0105tek \u2013 35 z\u0142\/os. Bilet wst\u0119pu na koncert fina\u0142owy - sobota, 1.10 godz.20:00 - 120 z\u0142\/os. Link do strony wydarzenia: https:\/\/kalatowki.pl\/imprezy.html Link Facebook: https:\/\/www.facebook.com\/kalatowki Link Instagram: @kalatowki","protected":false},"featured_media":0,"template":"","tags":[],"am_event_categories":[189,64],"class_list":["post-35509","am_event","type-am_event","status-publish","hentry","am_venues-hotel-gorski-kalatowki","am_event_categories-koncerty","am_event_categories-zapisy-on-line"],"acf":[],"aioseo_notices":[],"am_startdate":"2022-09-26 18:00:00","am_enddate":"2022-10-01 18:00:00","_links":{"self":[{"href":"https:\/\/sport-timing.pl\/pomiar-czasu\/wp-json\/wp\/v2\/am_events\/35509","targetHints":{"allow":["GET"]}}],"collection":[{"href":"https:\/\/sport-timing.pl\/pomiar-czasu\/wp-json\/wp\/v2\/am_events"}],"about":[{"href":"https:\/\/sport-timing.pl\/pomiar-czasu\/wp-json\/wp\/v2\/types\/am_event"}],"version-history":[{"count":1,"href":"https:\/\/sport-timing.pl\/pomiar-czasu\/wp-json\/wp\/v2\/am_events\/35509\/revisions"}],"predecessor-version":[{"id":35510,"href":"https:\/\/sport-timing.pl\/pomiar-czasu\/wp-json\/wp\/v2\/am_events\/35509\/revisions\/35510"}],"wp:attachment":[{"href":"https:\/\/sport-timing.pl\/pomiar-czasu\/wp-json\/wp\/v2\/media?parent=35509"}],"wp:term":[{"taxonomy":"post_tag","embeddable":true,"href":"https:\/\/sport-timing.pl\/pomiar-czasu\/wp-json\/wp\/v2\/tags?post=35509"},{"taxonomy":"am_event_categories","embeddable":true,"href":"https:\/\/sport-timing.pl\/pomiar-czasu\/wp-json\/wp\/v2\/am_event_categories?post=35509"}],"curies":[{"name":"wp","href":"https:\/\/api.w.org\/{rel}","templated":true}]}}

XXVI Jazz Camping Kalatówki

<div class="wpb-content-wrapper"><p><div class="vc_row wpb_row vc_row-fluid event-header"><div class="wpb_column vc_column_container vc_col-sm-12"><div class="vc_column-inner"><div class="wpb_wrapper">
	<div class="wpb_text_column wpb_content_element" >
		<div class="wpb_wrapper">
			<h3>XXVI Jazz Camping Kalatówki</h3>
<p>Twórcze  Spotkania Muzyków Jazzowych- Jazz Camping Kalatówki to stały punkt w kalendarzu kulturalnym Zakopanego.</p>
<p>W tym roku Jazz Camping uhonoruje i upamiętni  wieloletniego Dyrektora Muzycznego, Zbigniewa Namysłowskiego, który zmarł 7 lutego 2022.</p>
<p><strong>Program:</strong></p>
<p><b>26.09 Poniedziałek </b>&#8211; Inauguracyjna jam session – godz. 20:00</p>
<p class="xmsonormal"><b>27.09 Wtorek </b>&#8211; Jazz i Górale &#8211; godz. 20:00</p>
<p class="xmsonormal"><b>28.09 Środa </b>&#8211; Wieczór poświęcony pamiéci Zbigniewa Namysłowskiego &#8211; godz. 20:00</p>
<p class="xmsonormal"><b>29.09 Czwartek </b>&#8211; Jam session &#8211; wieczór z twórczością Agnieszki Osieckiej- godz. 20:00</p>
<p class="xmsonormal"><b>30.09 Piątek </b>&#8211; Jam session &#8211; godz. 20:00</p>
<p class="xmsonormal"><b>1.10 Sobota </b>&#8211; Koncert finałowy &#8211; godz. 20:00</p>
<p><strong>CENA/INFORMACJE</strong></p>
<p><strong>Wejściówka poniedziałek/wtorek/środa/czwartek/piątek – 35 zł/os.</strong></p>
<p><strong>Bilet wstępu na koncert finałowy &#8211; sobota, 1.10 godz.20:00 &#8211; 120 zł/os.</strong></p>
<p><strong>Link do strony wydarzenia: </strong><strong><a href="https://kalatowki.pl/imprezy.html">https://kalatowki.pl/imprezy.html</a></strong></p>
<p><strong>Link Facebook: </strong><strong><a href="https://www.facebook.com/kalatowki">https://www.facebook.com/kalatowki</a></strong></p>
<p><strong>Link Instagram: </strong><strong><a href="https://www.instagram.com/kalatowki/">@kalatowki</a></strong></p>

		</div>
	</div>
</div></div></div></div></p>
</div>

XXVI Jazz Camping Kalatówki Twórcze  Spotkania Muzyków Jazzowych- Jazz Camping Kalatówki to stały punkt w kalendarzu kulturalnym Zakopanego. W tym roku Jazz Camping uhonoruje i upamiętni  wieloletniego Dyrektora Muzycznego, Zbigniewa Namysłowskiego, który zmarł 7 lutego 2022. Program: 26.09 Poniedziałek - Inauguracyjna jam session – godz. 20:00 27.09 Wtorek - Jazz i Górale - godz. 20:00 28.09 Środa - Wieczór poświęcony pamiéci Zbigniewa Namysłowskiego - godz. 20:00 29.09 Czwartek - Jam session - wieczór z twórczością Agnieszki Osieckiej- godz. 20:00 30.09 Piątek - Jam session - godz. 20:00 1.10 Sobota - Koncert finałowy - godz. 20:00 CENA/INFORMACJE Wejściówka poniedziałek/wtorek/środa/czwartek/piątek – 35 zł/os. Bilet wstępu na koncert finałowy - sobota, 1.10 godz.20:00 - 120 zł/os. Link do strony wydarzenia: https://kalatowki.pl/imprezy.html Link Facebook: https://www.facebook.com/kalatowki Link Instagram: @kalatowki
